{"id":155,"date":"2020-12-05T07:10:10","date_gmt":"2020-12-05T07:10:10","guid":{"rendered":"https:\/\/centerhermeneutics.org\/?page_id=155"},"modified":"2025-07-09T08:41:29","modified_gmt":"2025-07-09T08:41:29","slug":"members","status":"publish","type":"page","link":"https:\/\/centerhermeneutics.org\/?page_id=155","title":{"rendered":"Members"},"content":{"rendered":"<p><strong>Director<\/strong><\/p>\n<p><a href=\"https:\/\/www.fssp.uaic.ro\/prof-dr-stefan-afloroaei\" target=\"_blank\" rel=\"noopener noreferrer\">Stefan Afloroaei<\/a> PhD. Professor UAIC, Corresponding member of the Romanian Academy<\/p>\n<p><strong>Scientific Secretary<\/strong><\/p>\n<p><a href=\"https:\/\/scholar.google.com\/citations?user=jgpMRX4AAAAJ&amp;hl=en\" target=\"_blank\" rel=\"noopener\">Ioan Ciprian Bursuc<\/a> PhD. Junior Lecturer UAIC<\/p>\n<p><strong>Members<\/strong><\/p>\n<p><a href=\"https:\/\/www.fssp.uaic.ro\/dr-george-bondor\" target=\"_blank\" rel=\"noopener noreferrer\">George Bondor<\/a>\u00a0 \u2020 PhD,\u00a0 Professor UAIC, Founder and Director of Research<\/p>\n<p><a href=\"https:\/\/www.fssp.uaic.ro\/prof-dr-petru-bejan\">Petru Bejan<\/a> PhD. Professor UAIC<\/p>\n<p><a href=\"https:\/\/www.fssp.uaic.ro\/prof-dr-constantin-salavastru\">Constantin S\u0103l\u0103v\u0103stru<\/a> PhD. Professor UAIC<\/p>\n<p><a href=\"https:\/\/doctorat.unibuc.ro\/wp-content\/uploads\/2020\/09\/Bilba-Corneliu-CV-1.pdf\" target=\"_blank\" rel=\"noopener\">Corneliu B\u00eelb\u0103<\/a> PhD. Professor UAIC<\/p>\n<p><a href=\"https:\/\/www.fssp.uaic.ro\/prof-dr-nicu-gavriluta\">Nicu Gavrilu\u0163\u0103<\/a> PhD. Professor UAIC<\/p>\n<p><a href=\"https:\/\/www.fssp.uaic.ro\/prof-dr-anton-adamut\">Anton Ad\u0103mu\u0163<\/a> PhD. Professor UAIC<\/p>\n<p><a href=\"https:\/\/www.fssp.uaic.ro\/lect-dr-ioan-alexandru-tofan\">Ioan Alexandru Tofan<\/a> PhD. Professor UAIC<\/p>\n<p><a href=\"https:\/\/www.fssp.uaic.ro\/cercet-dr-cristian-moisuc\" target=\"_blank\" rel=\"noopener\">Cristian Moisuc<\/a> PhD. Associate Professor UAIC<\/p>\n<p><a href=\"https:\/\/scholar.google.ro\/citations?user=Uhibc48AAAAJ&amp;hl=ro\">Cristian Nae<\/a> PhD. Associate Professor at \u201cGeorge Enescu\u201d National University of Arts, Ia\u0219i<\/p>\n<p><a href=\"https:\/\/www.fssp.uaic.ro\/cercet-dr-florin-crismareanu\" target=\"_blank\" rel=\"noopener\">Florin Cr\u00ee\u0219m\u0103reanu<\/a> PhD. Associate Professor UAIC<\/p>\n<p><a href=\"https:\/\/www.fssp.uaic.ro\/conf-dr-mihai-dan-chitoiu\">Dan Chi\u0163oiu<\/a> PhD. Professor UAIC<\/p>\n<p><a href=\"https:\/\/www.fssp.uaic.ro\/conf-dr-gerard-stan\">Gerard Stan<\/a> PhD. Associate Professor UAIC<\/p>\n<p><a href=\"https:\/\/www.fssp.uaic.ro\/dr-diana-margarit\">Diana M\u0103rg\u0103rit<\/a> PhD. Associate Professor UAIC<\/p>\n<p><a href=\"https:\/\/www.fssp.uaic.ro\/conf-dr-bogdan-stefanachi\">Bogdan \u015etefanachi<\/a> PhD. Professor UAIC<\/p>\n<p><a href=\"https:\/\/www.fssp.uaic.ro\/images\/fssp\/CV-uri\/ro\/gherghel.Curriculum_Vitae.pdf\">Valeriu Gherghel<\/a> PhD. Associate Professor UAIC<\/p>\n<p><a href=\"https:\/\/pub.academia.edu\/HoriaPatrascu\">Horia Vicen\u0163iu P\u0103tra\u015fcu<\/a> PhD. Lecturer at Politehnica University of Bucharest<\/p>\n<p><a href=\"https:\/\/ices-ro.academia.edu\/IonutBarliba\/CurriculumVitae\">Ionu\u0163 B\u00e2rliba<\/a> PhD. Senior researcher at Romanian Academy, Iasi<\/p>\n<p><a href=\"https:\/\/www.slis.uiowa.edu\/research-profiles\/vamanu-iulian\">Iulian Vamanu<\/a> PhD. Assistant Professor at Iowa University, USA<\/p>\n<p><a href=\"https:\/\/editura-unibuc.ro\/en\/produs\/mircea-eliade-si-modernitatea-filosofica-europeana-viata-extatica-arta-tragica-daimonicul-metafizica\/\">Liviu Costin<\/a> PhD. Researcher and high school teacher at \u201cMihail Kogalniceanu\u201d, Vaslui<\/p>\n<p>Sergiu Sava PhD. Independent Researcher<\/p>\n<p><a href=\"https:\/\/www.linkedin.com\/in\/dana-tabrea-6bb87b26\/?originalSubdomain=ro\">Dana \u0162abrea<\/a> PhD. Independent Researcher<\/p>\n<p>Daniel Mazilu PhD. Researcher<\/p>\n<p>&nbsp;<\/p>\n<p>&nbsp;<\/p>\n<p>&nbsp;<\/p>\n","protected":false},"excerpt":{"rendered":"<p>Director Stefan Afloroaei PhD. Professor UAIC, Corresponding member of the Romanian Academy Scientific Secretary Ioan Ciprian Bursuc PhD. Junior Lecturer UAIC Members George Bondor\u00a0 \u2020 PhD,\u00a0 Professor UAIC, Founder and Director of Research Petru Bejan PhD. Professor UAIC Constantin S\u0103l\u0103v\u0103stru &hellip; <a href=\"https:\/\/centerhermeneutics.org\/?page_id=155\">Continue reading <span class=\"meta-nav\">&rarr;<\/span><\/a><\/p>\n","protected":false},"author":1,"featured_media":0,"parent":0,"menu_order":0,"comment_status":"closed","ping_status":"closed","template":"","meta":{"footnotes":""},"_links":{"self":[{"href":"https:\/\/centerhermeneutics.org\/index.php?rest_route=\/wp\/v2\/pages\/155"}],"collection":[{"href":"https:\/\/centerhermeneutics.org\/index.php?rest_route=\/wp\/v2\/pages"}],"about":[{"href":"https:\/\/centerhermeneutics.org\/index.php?rest_route=\/wp\/v2\/types\/page"}],"author":[{"embeddable":true,"href":"https:\/\/centerhermeneutics.org\/index.php?rest_route=\/wp\/v2\/users\/1"}],"replies":[{"embeddable":true,"href":"https:\/\/centerhermeneutics.org\/index.php?rest_route=%2Fwp%2Fv2%2Fcomments&post=155"}],"version-history":[{"count":15,"href":"https:\/\/centerhermeneutics.org\/index.php?rest_route=\/wp\/v2\/pages\/155\/revisions"}],"predecessor-version":[{"id":348,"href":"https:\/\/centerhermeneutics.org\/index.php?rest_route=\/wp\/v2\/pages\/155\/revisions\/348"}],"wp:attachment":[{"href":"https:\/\/centerhermeneutics.org\/index.php?rest_route=%2Fwp%2Fv2%2Fmedia&parent=155"}],"curies":[{"name":"wp","href":"https:\/\/api.w.org\/{rel}","templated":true}]}}